 10*y - 143. Is f(o) a composite number?
False
Is (46/(-50) - 8/100) + 68864 a prime number?
True
Let q(h) = -2*h**3 - 13*h**2 + 62*h + 137. Let w be q(-32). Let u = w + -24332. Is u a prime number?
False
Is (1752110/(-4))/(55/(-44)) a composite number?
True
Let k = -71 - -71. Suppose k = 5*v - 88 - 12. Is ((-2)/2)/(v/(-3820)) a prime number?
True
Suppose -16055 = g - v, 8*v = -2*g + 6*v - 32126. Let w = g - -40012. Is w prime?
False
Let b = -507 - -515. Let p(l) = -l**2 - l + 442. Let t be p(0). Suppose b*h = 2238 + t. Is h prime?
False
Let k = -3 - -15. Let x(a) = a**3 - 12*a**2 + 2. Let o be x(k). Suppose 0 = o*n - 7*n + 17525. Is n composite?
True
Let f(a) = 191405*a**2 + 384*a + 749. Is f(-2) composite?
True
Suppose 175*v + 299076 = 38*v + 1835257. Is v a prime number?
True
Suppose 8*l - 1682361 = -5*b + 8*b, -2*l - 3*b = -420609. Is l prime?
False
Let y = -6991 + 4695. Let s = -1475 - y. Is s a prime number?
True
Suppose -8*t + 60 = -5*t. Let q(f) = 255*f - 197. Is q(t) a prime number?
True
Let q = -1574 - -1072. Let u = 1185 + q. Suppose 0 = p - 36 - u. Is p a composite number?
False
Let k = -58358 + 187345. Is k a prime number?
True
Let c(z) = z**2 - 32*z + 261. Let l be c(21). Is (147693/9 - -2) + (-40)/l composite?
False
Let o(s) = 4669*s**2 - 67*s + 19. Is o(6) a prime number?
False
Let q be (35/(-15))/(-7)*0. Suppose q = -5*f + 3*t - 8, -4*f - 1 = -t + 4. Is -789*(-3 + 4)*f prime?
False
Let i = 30272 - -167465. Is i a prime number?
False
Is (1552719/28)/(5 - (-85)/(-20)) a composite number?
False
Let f(y) = -119 - 14*y + 5*y**2 + 190 - 111. Is f(-23) composite?
False
Let g(z) = 294*z - 29. Let j(k) = -k**2 + 17*k + 97. Let o be j(21). Is g(o) composite?
False
Suppose v - 2*u + 7808 = 6*v, -5*v - 4*u = -7816. Let m = 5467 - v. Is m prime?
True
Is (-203)/29 - 3601*-2 prime?
False
Let l = 56 - 44. Suppose -q = 2*q - l. Suppose -h = -q*g - 0*g - 5425, 4*h - g = 21745. Is h a prime number?
True
Suppose 4*i = -5*a + 9131 + 365, 3*i + 3*a - 7119 = 0. Suppose -k - 5*n = -i, k = -n + 600 + 1761. Is k prime?
False
Suppose -4*h - 2*u = -12, -1 = -2*h + 5*u + 5. Is 193/(266/(-91) + h) composite?
True
Let q = 1572 + 12825. Is q a prime number?
False
Suppose 4*s + 915718 = 2*q, -22*s + 21*s - 4 = 0. Is q composite?
True
Let i(t) = -t**3 - 3*t**2 - 2*t + 2. Let w = -135 + 133. Let b be i(w). Suppose -3*l - 2733 = -4*n + 2443, -b*n - l = -2588. Is n composite?
True
Let a = 2012279 + -1412676. Is a a composite number?
False
Suppose -16 - 59 = -5*s. Let h be 4*(4 - s/5). Suppose h*c - 86 = 102. Is c a prime number?
True
Let f = -528574 - -742201. Is f a composite number?
True
Let r(c) be the third derivative of 23*c**5/60 - c**4/6 - 13*c**3/6 - 8*c**2 + 8*c. Let f be 1/2*-2*6. Is r(f) composite?
False
Suppose 0 = -2*j - 5*a + 934847, j + 2*a - 87047 = 380378. Is j prime?
True
Let d(v) = 18*v + 70. Let m be d(-4). Is -3*(-9763)/12 + m/(-8) prime?
True
Suppose 7*y = -4*h + 330329, 0 = 2*h - 5*h + 4*y + 247793. Is h a composite number?
False
Suppose 0 = 5*t + 23559 - 192164. Is t composite?
False
Suppose 624*j - 641*j - 16354 = 0. Suppose 5*d + 2*p - 5947 = 0, -1969 - 3970 = -5*d - 4*p. Let k = d - j. Is k prime?
True
Suppose 4*x = -2*r + 6*r + 2700, r - 2 = 0. Let a = 858 + x. Is a a prime number?
False
Let z = -193 - -10086. Is z a prime number?
False
Let d(t) = -12*t**2 - 10*t - 4. Let o(q) = -q**2 - q. Let i(p) = -2*d(p) + 22*o(p). Let v be i(5). Suppose 0 = 51*j - v*j - 57. Is j composite?
False
Let m(a) = -777*a - 172. Is m(-5) prime?
False
Suppose -101944 = -5*x + 928381. Is x composite?
True
Is -12*2/16*((-6)/2 - 73943) composite?
True
Suppose n = -4*x - 7, -x + 4 = 5. Let t(d) = 365*d**2 + 33*d + 91. Is t(n) composite?
True
Let b = -26 + 32. Suppose b*a - 68 = 2*a. Suppose -a*o + 4355 = -12*o. Is o prime?
False
Let o = -294 - -79. Let c = 1600 + o. Is c prime?
False
Let b = 154 - 143. Let l(u) = 70*u**2 - 3*u - 136. Is l(b) a composite number?
True
Let q(f) = -f**3 + 6*f**2 - 6*f + 9. Let c be q(5). Suppose -c*z = -r + 789, 5*z = 4*r - 5*r + 798. Is r a prime number?
False
Let w(d) be the first derivative of -d**3/3 - 25*d**2/2 - 19*d + 18. Let s be w(-24). Is -181*s*(-12)/30 a composite number?
True
Suppose -9 = -2*b - 3. Let m(l) = -3 + b + 19*l - 70*l + 19. Is m(-12) a prime number?
True
Let c be (150/3)/((3/211)/3). Let f = c - 2949. Is f composite?
True
Is (2353 + -6)/(1*(-1)/(-31)) a composite number?
True
Let x = -75 - -132. Is 38/x*(-29166)/(-4) a composite number?
False
Let u(w) = 2397*w**2 + 65*w - 1017. Is u(26) a prime number?
False
Let d be ((-20)/8 - -3)*8/(-2). Is (d - 1253/3)*-3 prime?
True
Let g(o) = -115*o + 53. Suppose 45 - 15 = -2*t. Let i be g(t). Suppose 0 = -2*p - 0*p + i. Is p a prime number?
False
Let h(t) = 8064*t + 7579. Is h(57) composite?
True
Let x(r) = 234*r - 5. Let n = 90 - 74. Is x(n) a composite number?
False
Let o = -3 + 3. Suppose 3 - 6 = -q, 3*p = 4*q. Suppose -d + p = o, -d - 619 = -3*m + 2*m. Is m a composite number?
True
Let y be 8/3*((-27)/(-6) - 3). Suppose -9 = -y*s + m + 4, 2*m = -4*s - 2. Is s/(-3) + 2540/12 prime?
True
Suppose -219*q = -31778653 - 24284848 - 2378182. Is q a prime number?
False
Let i(l) = l**3 + 0*l**2 - 3*l + 7*l**3 + l**2 + 5. Let x be i(3). Suppose x = -3*b + 1127. Is b prime?
False
Let g(b) = -330*b + 23. Let z(t) = -1650*t + 112. Let r(i) = 11*g(i) - 2*z(i). Is r(-11) prime?
True
Suppose -26*i - 2 = -28*i. Let n be 219 + -2 + -4 - i. Suppose 3*r - 421 = n. Is r a composite number?
False
Let z be 76/14 + (-9)/21 + 3. Suppose -5*q - z*q = -106093. Is q a prime number?
True
Let b = -72 + 76. Suppose 10*n - 5*n + b*d - 27 = 0, -d + 3 = 0. Suppose 1491 = n*m - 1728. Is m a prime number?
False
Let y = -7881 + 17651. Suppose -5*d - 245 = -y. Suppose 4*h - h - d = 0. Is h a prime number?
False
Suppose -1369 = 6*w - 73. Let k = 1009 + w. Is k a prime number?
False
Let n = 36 + -36. Suppose -5*k + 9 + 6 = n. Suppose k*s - 4*s + 10 = 0. Is s a composite number?
True
Let k = -725 - -726. Is (-10)/30*-1839*k a composite number?
False
Let s(b) = b**2 + 17*b + 30. Let p be s(-15). Suppose 2*f - 2*u - 6 = p, 0 = 3*f - 5*f + 4*u + 8. Is -1*(-148 + f) + 3 a composite number?
False
Let u(q) = 101*q**2 - 68*q + 25. Is u(-24) a composite number?
False
Suppose 5*f - 36 = -4*y, 0*y = -3*y - 3. Let v be (5 - -2) + -1 - f/(-8). Suppose 3588 = v*u - 2005. Is u a composite number?
True
Suppose 4*p - 6 = 2. Suppose 2*w - 3898 = -2*t, t = -0*w + p*w - 3898. Suppose -i + w = -5*v, 2*i = -3*i - 3*v + 9857. Is i prime?
False
Is (-11 + 172/16)*-374068 composite?
True
Suppose 13*g + 22085 = -28615. Let d = g - -10589. Is d a composite number?
False
Suppose 4*q = -2*u - 4, 4*q - 2*q + 18 = 3*u. Let l(d) = d**3 + 4*d**2 - 68*d + 58. Let g be l(12). Is q/((-3)/g) - (-2 - -5) composite?
False
Suppose -2*o + 3 = -11. Is (-17487)/(-7) - o/49 composite?
True
Suppose -5*b + 13036 = -6249. Suppose 0 = 3*k - 3*x + 2*x + 2242, -4*k - 2*x = 2996. Let q = b + k. Is q a prime number?
True
Suppose 0 = 2*o - 18 + 12. Suppose -3*f - o*y + 23165 = f, 4*y + 11566 = 2*f. Is f prime?
False
Suppose 2*y - 1037312 = -2*d, -983*y - 2*d = -984*y + 518677. Is y a composite number?
True
Let y be 4/((-12)/(-122559)) + 2. Suppose -41*x + y = -36*x. Is x a prime number?
True
Suppose 3*f - d - 401 = -5, -264 = -2*f - 3*d. Let h(x) = -1 + 0 - 204*x + f*x. Is h(-5) prime?
True
Suppose 3*v - 6*v + 4443 = 0. Let x = 1326 + v. Is x a prime number?
False
Suppose -3*q = -15, -h + 0*q + 4*q - 10 = 0. Suppose 4*k - h = -2. Suppose 4*n + 211 = 3*p, -3*p = -5*p + k*n + 140. Is p a prime number?
False
Suppose 25*n - 878827 = 578720 - 536122. Is n a prime number?
True
Let f = 13216 + 111817. Is f a prime number?
False
Suppose -10*m + 14*m + 62*m = 32518662. Is m prime?
True
Let l(f) = -70679*f + 5077. Is l(-26) composite?
True
Let c(p) = -5*p - 83. Let d be c(-17). Is (1 + (-17)/d)/((-81)/104274) a composite number?
True
Let k(g) be the second derivative of 437*g**3/3 - 43*g**2/2 + 2*g. Let h be k(-5). Let n = h + 7404. Is n a prime number?
False
Let q(s) be the third derivative of 17*s**6/40 + 7*s**5/30 + 7*s**4/24 - 13*s**3/6 - s**2 - 13*s. Is q(6) a composite number?
False
Suppose -5*w = -0*m - 5*m + 494705, -4*m + 395758 = -w. Is m prime?
True
L